
Suppose 0 = -4*g + 2 + 110. What are the prime factors of g?
2, 7
Let h(z) = z - 4. Let o be h(8). Suppose 3*f - o*l = -5*l + 6, 4*f - 8 = 4*l. Suppose 0*k - 32 = -f*k. What are the prime factors of k?
2
Suppose 0 = 2*b - 677 - 147. List the prime factors of b.
2, 103
Let o = -3 - -5. Let c(b) = 4*b**2 - 2*b + 2. List the prime factors of c(o).
2, 7
Let k(f) = 3*f**2 - 2 + 4*f**2 + 5 - 6*f**2 - 3*f. Let o = 12 - 7. What are the prime factors of k(o)?
13
Let c(d) = 66*d**3 - d. What are the prime factors of c(1)?
5, 13
Suppose -3*c - 1 = -x, 0*x + 4*x = -5*c - 13. List the prime factors of 1 - (x - (-3 + 2)).
2
Let u(r) be the second derivative of -r**3/6 + 11*r**2/2 - 4*r. List the prime factors of u(-5).
2
Suppose 3*k - 280 = -k. Suppose k = 5*m - 5*x, -4*m + 6*m - 3*x = 29. Suppose 2*l - 4*j - 10 = 0, 4*l + 0*j - j = m. What are the prime factors of l?
3
Let u(w) = w**3 + w**2 + 7. Let v be 2/4 + (-2)/4. List the prime factors of u(v).
7
Let s = 4 - 10. What are the prime factors of (96/36)/((-2)/s)?
2
Let m(b) = -b**3 + 22*b**2 - 17*b - 11. List the prime factors of m(21).
73
Let u(x) = 17*x - 4. Let w be u(12). Suppose -13*t + 8*t = -w. What are the prime factors of t?
2, 5
Let h = -10 + 38. What are the prime factors of h?
2, 7
Suppose b - 2*t = -5, -2*t + 1 = -1. Suppose -26 = -3*w - 4*f, 0*f = 5*w + 4*f - 38. Let x = b + w. What are the prime factors of x?
3
Suppose 90 = 4*o - 206. What are the prime factors of o?
2, 37
Suppose 0 = u + 3 - 2. Let y = -2 + -14. Let d = u - y. List the prime factors of d.
3, 5
Suppose w + 4*w - 200 = 0. Suppose d - w = -9. Suppose k = 4*v - 9, 0 = -5*k + 4*v + 4 + d. What are the prime factors of k?
11
Let v be ((-52)/(-12))/((-1)/(-6)). Suppose 5*l - 34 = v. What are the prime factors of l?
2, 3
What are the prime factors of 36*(2/3 + 0)?
2, 3
Let o be (-1)/(((-9)/3)/66). Suppose p + o = 2*p. What are the prime factors of 3/9 - p/(-6)?
2
Suppose -4*p - 116 = 4*h, -5*h + 5*p = 156 - 31. What are the prime factors of 1*3*(-288)/h?
2
Let j = 38 - -19. Suppose 3*k = -3*q - 0*q + 54, 0 = -3*k - 2*q + j. What are the prime factors of k?
3, 7
Let o = -5 + 8. Suppose -3*x + 16 - 4 = -5*u, -12 = -o*x + 4*u. Suppose 4*r - 44 = x*g, 0*r + 4*g = -3*r + 5. What are the prime factors of r?
7
Let r(v) = 2*v - 5. Suppose 3*q + 8 = 5*q. List the prime factors of r(q).
3
Let z(d) = d + 11. Suppose 3*y + w - 5 = 0, 4*w + 4 = y + 24. What are the prime factors of z(y)?
11
Let s(d) = -4 + 3 + 6 + 7*d - d**2. What are the prime factors of s(7)?
5
Let o(u) be the third derivative of u**4/24 + 7*u**3/6 + 3*u**2. What are the prime factors of o(5)?
2, 3
Let v(j) = -j**2 - 12*j - 12. Let p(z) = -z**2 + 3*z + 1. Let a be p(5). What are the prime factors of v(a)?
3, 5
Let k = 35 - -10. What are the prime factors of k?
3, 5
List the prime factors of (-59 - 1)/(30/(-20)).
2, 5
Let b(c) = c**2 + 7*c + 4. Let u be b(-7). Let n(v) = 0*v - u + 4*v**2 + 2*v - 3*v**2. What are the prime factors of n(-5)?
11
Let i(o) = -o**3 - 14*o**2 + 15. Let n be i(-14). Let a be -3 + -2*2/4. Let j = a + n. What are the prime factors of j?
11
Let j be ((-4)/3)/((-2)/(-6)). Let h be -2*(7/(-2) - -3). What are the prime factors of h - 2/(2 + j)?
2
Let a(l) = l - 1. Let m be a(4). Suppose 2*q + q - w + 8 = 0, -15 = 4*q + m*w. List the prime factors of (-3)/q + (-2 - -15).
2, 7
Let z(u) = 3*u**2 + u - 4. List the prime factors of z(4).
2, 3
List the prime factors of -2 - (-4 - -2)/(4/222).
109
Let d(n) = -n**3 + 4*n**2 + 5. Let t be d(4). Suppose -6 = -t*k + 4. List the prime factors of k.
2
Let y = 5 + -8. Let s(n) = n**3 + 5*n**2 + 2*n - 3. Let t be s(-3). Let v = t - y. List the prime factors of v.
2, 3
Let g(t) = 10*t + 54. List the prime factors of g(24).
2, 3, 7
Suppose h + 3*u + 11 = 0, -7 = 6*h - 4*h + 3*u. Suppose -m = -h*m + 30. What are the prime factors of m?
2, 5
Suppose 0*t = -t + 2. Suppose 2*a - 4*d - 14 - 24 = 0, -t*a = d - 33. List the prime factors of a.
17
Let u = 43 + -31. List the prime factors of (u - (2 + -2)) + -2.
2, 5
Let i = 6 - 2. Suppose -2*r - i*o + 12 = -14, 5*r - o = 65. List the prime factors of r.
13
Let c be (-28)/((-5)/(30/4)). Let o = c - 13. What are the prime factors of o?
29
Let j(s) be the third derivative of s**6/120 - s**5/6 + 3*s**4/8 - s**3/2 + 4*s**2. Let v be j(9). What are the prime factors of v - (-17 - (1 + -2))?
13
What are the prime factors of 53/(-424) - ((-21414)/(-16))/(-3)?
2, 223
Let u(m) = 2*m**2 + m + 26. What are the prime factors of u(0)?
2, 13
Let s be (-1000)/32 + -3 + (-9)/(-4). Let g be (112/(-6))/(2/6). Let j = s - g. What are the prime factors of j?
2, 3
Suppose 0*m - 5*m + 3*z = -944, 4*m - 4*z = 760. List the prime factors of m.
11, 17
Let g be 1*1*-3 - -1. Let q = 3 - g. What are the prime factors of q?
5
Suppose 0*x - x = 5. Let c = -12 + 20. Let s = c - x. List the prime factors of s.
13
Suppose 2*u - 3*x + 0*x + 177 = 0, u = 5*x - 78. Let v = -57 - u. What are the prime factors of v?
2, 3
Suppose j - 3 + 13 = 0. Let f = j + 25. List the prime factors of f.
3, 5
Let m(r) = 31*r - 29. What are the prime factors of m(4)?
5, 19
Let h(r) = -r**3 - 6*r**2 - r - 4. Let k(w) = -5*w - 1. Let d = 6 + -5. Let i be k(d). List the prime factors of h(i).
2
Suppose 191 = 6*p - 649. List the prime factors of p.
2, 5, 7
Let v = -6 + 10. Suppose n = -v*g - 10, 3*n + n - 2*g - 14 = 0. Suppose -24 = -n*i + 8. What are the prime factors of i?
2
Let i(w) = -5*w**3 + w**2 + w - 1. Let n be i(1). Let o(v) = 9*v + 3. Let a be o(-5). List the prime factors of 12/(7/(a/n)).
2, 3
Let x be (-706)/18 + (-30)/(-135). Let b = x - -69. List the prime factors of b.
2, 3, 5
Suppose 59 = 3*y + 2*x - 47, -4*x - 206 = -5*y. What are the prime factors of y?
2, 19
Let m be -3*1*-6*1. Let h be -3*2*(-3)/m. What are the prime factors of 14 + (-2 - 0/h)?
2, 3
Suppose 3*r - r - 36 = 4*i, i - 3 = -r. Let f = 13 - r. What are the prime factors of f?
5
List the prime factors of 0 - 1292/(-8) - 3/6.
7, 23
Let h = 5 + -7. Let o be h/4 + 43/2. Suppose -3*r - 5*x + 19 = -o, 5*x = r + 20. List the prime factors of r.
5
Let a be (-8)/((18/(-21))/3). Suppose 3*o = g - a, -2*o = -2*g + 12 + 28. Suppose x + x = g. List the prime factors of x.
2
Let x(a) be the second derivative of -a**4/12 - 5*a**3/3 - 9*a**2/2 + 4*a. What are the prime factors of x(-8)?
7
Suppose -5*k - 5*u = -k + 4, 3*k = -u - 14. Let q be (-4)/k + (-30)/(-9). Suppose 7 = q*t - 17. What are the prime factors of t?
2, 3
What are the prime factors of 72 + ((-12)/9)/((-16)/24)?
2, 37
Let u be (-724)/(-18) - 10/45. Let v = u - 11. List the prime factors of v.
29
Let p be 46/(-6) - (-4)/6. Let o(v) be the second derivative of v**4/12 + 7*v**3/6 + v**2 + 4*v. What are the prime factors of o(p)?
2
Let c be (-1)/(-3) + (-20)/(-12). Suppose c*x = 4*x + 2. Let v = 4 - x. List the prime factors of v.
5
Let m(n) = -n**3 + 2*n**2 + 7*n + 9. List the prime factors of m(-4).
7, 11
Let z(x) = -199*x - 15. What are the prime factors of z(-1)?
2, 23
Let z = -33 + 20. List the prime factors of 3 - 2 - (7 + z).
7
Let o = 175 + -80. What are the prime factors of o?
5, 19
Let o(a) = a**2 + 31*a - 2 - 3 - 36*a. What are the prime factors of o(9)?
31
Let f = -4 + 4. Suppose 3*q - 8*q + 65 = f. What are the prime factors of q?
13
Let p(g) be the third derivative of -g**4/8 + g**3/6 + 2*g**2. List the prime factors of p(-3).
2, 5
Suppose 4*y + 2*m - 4 = 0, -6 = -3*y - 2*y - 2*m. Suppose y*s = k + 3*s + 10, -s - 24 = 2*k. Let p = 4 - k. What are the prime factors of p?
2, 3
Suppose -3*k - 3*j + 16 = j, 4 = 4*k + j. Suppose -5*d + z + 26 = k, -12 = -3*d - 4*z + z. What are the prime factors of d?
5
Let i = 287 + -205. List the prime factors of i.
2, 41
Let i(q) = 53*q**2 - q - 1. Let d be i(-1). Let m be (-1)/(5 + -3)*(0 - 38). Suppose 0 = 4*a - d - m. List the prime factors of a.
2, 3
What are the prime factors of (3 + (-66)/10)/((-5)/475)?
2, 3, 19
Let k(z) = -9*z - 2. Let p be k(-3). Suppose -p = -2*a + a. List the prime factors of a.
5
Suppose -29*r - 364 = -33*r. What are the prime factors of r?
7, 13
Suppose 0*h + h = -5*g + 6, 5*h + 20 = 0. List the prime factors of g.
2
Let m(q) = -q + 23. List the prime factors of m(5).
2, 3
Let l(u) = -2*u**2 - 32*u + 26. Let p(r) = r**2 + 11*r - 9. 